. Let c be u(15). Suppose -w*d + 28 = -c*d. What is the tens digit of d?
1
Suppose 104*t + 2*x + 24046 = 106*t, 0 = t + 2*x - 12002. What is the tens digit of t?
1
Let w = 636 - -224. Suppose u = 6*u - w. Suppose z = 2*z - s - 37, 4*s = -4*z + u. What is the tens digit of z?
4
Suppose 0 = -20*c + 292944 + 155116. Suppose 51*t - 18091 - c = 0. What is the hundreds digit of t?
7
Let g(z) = -3*z - 19. Let l be g(-7). Let n be l + (-3)/(9/(-3)) + 2. Suppose 3*x + 147 = n*y, -5*x - 120 = -4*y - 2*x. What is the tens digit of y?
2
Suppose 657 = 5*m - 228. Let k = 428 - m. What is the tens digit of k?
5
Let d be 6/(-45)*-12*95. Let k = d - 105. Suppose -a + 4*w + 23 = -k, 76 = a + 2*w. What is the units digit of a?
4
Let d = 3260 + -1465. Suppose d*q - 8352 = 1789*q. What is the hundreds digit of q?
3
Let c(i) = i**2 + 37*i + 72. Let w = 12 - 36. Let v be c(w). Let o = v - -480. What is the hundreds digit of o?
2
Let p = 4283 - 1334. What is the tens digit of p?
4
Suppose x = 8*q - 5*q - 4001, 5340 = 4*q - 4*x. Let n = q - 818. What is the units digit of n?
5
Let h(i) = i**3 + 81*i**2 - 316*i + 156. What is the tens digit of h(-83)?
0
Let l(g) = -g**3 - 7*g**2 + 2*g + 18. Let m be l(-7). Suppose -m*q + 11*q - 2541 = 0. What is the units digit of q?
3
Let n(u) = 276*u**2 - 8*u - 11. What is the units digit of n(-7)?
9
Let p be 1 - (16/(-6))/(16/(-24)). What is the tens digit of (p/(-7))/((-44)/(-43428))?
2
Suppose -i = 2*h - 10, -2*h + 5 = -i - h. Suppose i = -4*d - 33 - 135. Let a = d + 139. What is the tens digit of a?
9
Suppose 2*s - 48078 = -2*a, 3*s - 72152 = 760*a - 756*a. What is the thousands digit of s?
4
Suppose -4*w - 3*r + 4 = 3, 0 = 5*w + 4*r. Let n(u) = 92*u + 14. What is the units digit of n(w)?
2
What is the hundreds digit of ((-84466)/1614)/(2/(-1314))?
3
Let h(s) = s**2 - 8*s - 75. Let x be h(-5). What is the tens digit of 153/(-255) - 536/x?
5
Suppose -41*v + 47*v + 54 = 0. Let o(i) = 10*i - 53. Let u be o(v). Let t = u + 371. What is the units digit of t?
8
Suppose 113*j + 0*j - 5486331 + 132504 = 0. What is the units digit of j?
9
Let s(x) = -2*x - 4. Let n be s(-5). Suppose -3*u + 135 = n*u. What is the units digit of (2 - 4/4)*u?
5
What is the tens digit of 2 + 803*((-15)/(-3) + 1)?
2
Let w = 216 + -239. What is the tens digit of 46/w + 871/1?
6
Let o be (-54399)/(-27) + (-6)/(-27). Suppose -5*k - 5*h = -o, 0*h + 1202 = 3*k - 4*h. What is the units digit of k?
2
Let u(w) = 4*w**2 + 3*w**2 + 494 + 22*w - 377. What is the hundreds digit of u(-13)?
0
Let u(n) = -23 + 8 - n**3 + 2*n + 4 + 5 - 5*n**2. Let i be u(-4). Let k = 98 + i. What is the tens digit of k?
6
Let m(c) = -286*c - 666. What is the hundreds digit of m(-28)?
3
Suppose 34680 = 163*w - 158*w. What is the tens digit of w?
3
Suppose b + 3668 = 7*k - 4*k, -3*k = 3*b - 3648. Let r = k + -563. What is the units digit of r?
8
What is the units digit of 28/(-4) + (-370352)/(-10) - (-3)/(-15)?
8
Suppose 25203 = 4*d - 5*h, -d + 13*h = 26*h - 6372. What is the hundreds digit of d?
3
Suppose 8*q - 39*q = 19*q - 1345050. What is the ten thousands digit of q?
2
Let s = 11061 + -6979. What is the units digit of s?
2
Suppose 4*h = -4*u - 576, -u - 738 = 5*h - 5*u. Let r = h - -275. What is the tens digit of r?
2
Let q(a) = 14*a**2 + 6*a - 45. Let o be q(6). Let i be (-2)/(4/16*-2). Suppose o = i*x + 3*j, x - 5*j - 29 = 112. What is the tens digit of x?
2
Let m(o) = -o**3 + 19*o**2 - 33*o - 11. Let k be m(13). Suppose k - 982 = -3*n. What is the units digit of n?
6
Let v(n) = 846*n**3 + 3*n**2 + 2*n - 24. What is the thousands digit of v(3)?
2
Let b(h) be the second derivative of 6*h + 0*h**2 + 1/4*h**5 - 1/6*h**3 + 1/6*h**4 + 0. What is the units digit of b(2)?
6
What is the ten thousands digit of 14680 + (-15)/(-45)*-3?
1
Let v(p) = 19*p**3 + p - 1. Let d be v(-1). What is the hundreds digit of (-17676)/d + 14/49?
8
Let b(s) = 9*s + 5. Let j(d) = -3*d - 25. Let a be j(-11). Let c = 17 - a. What is the tens digit of b(c)?
8
Let c be 4/1 + 6/(-6). Suppose c*s - 18 = -3*v, 3*v - s + 3*s = 18. What is the units digit of v?
6
Suppose -3*g + 6 = r + 1, 3*r + 1 = -g. What is the tens digit of (1/(-1 + 444/447))/r?
4
Let r = 46 + -44. Let d be (-6)/9*r*(1 + 11). What is the units digit of ((-36)/d - 2)*316?
9
Let s(b) = -10*b**2 + 30*b - 14. Let k(v) = v**2. Let p(q) = -12*k(q) - s(q). Let j be p(-15). Suppose 2009 = j*a - 315. What is the tens digit of a?
6
Suppose -5*y + i = 4*i + 68, 2*y = -5*i - 31. Let s = 54 + -16. Let z = y + s. What is the units digit of z?
5
Let r = 731 - -4479. What is the hundreds digit of r?
2
Let a be 3*(4 + 0) + 3/(-1). Suppose -5*r + 11 = 4*j, 4*j - a*j + 20 = 5*r. Suppose -2*f - j + 73 = 0. What is the units digit of f?
2
Let v = -686 - -691. Suppose -410 = -o - 2*p, 0 = 3*p + 14 - v. What is the units digit of o?
6
Let a = -118383 + 177215. What is the ten thousands digit of a?
5
Suppose 0 = m + 2*y + 4, -3 = m + y + 2*y. Let d(z) = -4*z**2 - 4*z + 25. Let v(g) = g**2 + g + 1. Let s(r) = -d(r) + 5*v(r). What is the units digit of s(m)?
0
Suppose 1211 = z - f, -4*f + 7*f = -5*z + 6095. Suppose 5*r = -5*d + 2040, 15*r - 18*r + z = 5*d. What is the units digit of r?
2
Suppose 8*t - 2*t = 3210. Let q be 12/(-8)*-2 + t. Suppose -9*u + 335 = -q. What is the units digit of u?
7
What is the tens digit of (216/(-9) - -68390) + -9?
5
Suppose 9*p - 10*p = -5*j + 4, -3*p + 4*j + 10 = 0. Let x(w) = 45*w**2 + 6*w - 49. What is the tens digit of x(p)?
0
Let u(x) = 35*x + 2. Let o be u(1). Let v = 48 - o. What is the units digit of 1047/v + (-2)/11?
5
Let s = 477 + -496. Let i(g) = -g**3 - 15*g**2 + 3*g - 82. What is the thousands digit of i(s)?
1
What is the thousands digit of 11 + (2 - 8) + -12*3881/(-2)?
3
Suppose -1194747 = -173*c + 456192. What is the tens digit of c?
4
Let c = -185 - -357. Suppose 336 = 4*s - 2*l, 2*l + 25 = -3*s + 305. Let v = c - s. What is the units digit of v?
4
Let m(r) = -74*r - 85. Suppose -7*w - 58 = -2*w + 4*b, -5*w - b = 52. What is the hundreds digit of m(w)?
6
Let s = 12781 - -62883. What is the units digit of s?
4
Let z(r) = 28*r**2 + 6*r + 5. Let j be z(10). Let q = j - 1343. What is the tens digit of q?
2
Suppose -c + 3*a = -271 - 184, 0 = c + 3*a - 461. Let l = c + 34. What is the hundreds digit of l?
4
Let b be ((-189)/(-14))/(6/16). Suppose -5*g = -3*v - 156, 5*g + b = v + 198. What is the tens digit of g?
3
Let i = 1385 - 981. Suppose -y = -5*g + 2*y + i, 4*y - 146 = -2*g. What is the tens digit of g?
7
Suppose 2*r = -2*n + r - 44, 5*n + 2*r + 108 = 0. Let m be (59/(-3))/(1 + n/24). What is the units digit of ((-70)/(-20))/(m/60 - -2)?
5
Suppose 42*q - 108*q = 144*q - 1128960. What is the thousands digit of q?
5
Suppose 4 = -5*j - l, 2 = -4*j + l - 3. Let i be (-3 + 4)*-1*j. What is the units digit of 21/(7 + -4) - i?
6
Suppose 2*o = -10, o = -w + 9 + 17. Let m(z) = 12*z - 164. What is the hundreds digit of m(w)?
2
Let n(o) be the third derivative of -o**6/60 - o**5/10 - 7*o**4/24 - 5*o**3/6 + 148*o**2 + 4*o. Let i be (-1)/(-2) + 11/(-2). What is the tens digit of n(i)?
3
Let c(p) = -2*p**3 + 130*p**2 - 100*p + 84. What is the thousands digit of c(62)?
6
Let b(x) = 4*x**2 - 8*x + 11. Suppose 41*g = 44*g + 27. Let h be b(g). Let k = h + -177. What is the hundreds digit of k?
2
Let u(m) = 8*m + 8. Let z be u(2). Suppose z*r - 17590 = 4538. What is the units digit of r?
2
Let p(o) = 2*o**3 - 23*o**2 - 25*o + 41. What is the units digit of p(15)?
1
Let t(x) = -20*x**3 + 9*x + 8. Let l be t(-4). Let q = l + -886. What is the hundreds digit of q?
3
Let v(b) = 21250*b**2 - 12*b - 5. What is the tens digit of v(1)?
3
Let s be (-646)/(-153) - 2/9. Suppose -x - z = -637, -2*x - z - s*z + 1265 = 0. What is the tens digit of x?
4
Let t be (-956)/(-20) + 4/(20/1). Suppose -816 = t*y - 54*y. What is the tens digit of y?
3
Let u(m) = 2558*m + 131. What is the hundreds digit of u(11)?
2
Let f(s) = -4*s**3 + 8*s - 6. Let i(a) = -a**3 + a**2 + a + 1. Let c(d) = f(d) - 5*i(d). Let j be c(4). Let n = 37 + j. What is the units digit of n?
2
Suppose -59*b + 74680 = -28*b - 23*b. What is the hundreds digit of b?
3
Let f(c) be the first derivative of -9*c**2/2 + 185*c - 129. What is the hundreds digit of f(-7)?
2
Let v(b) = b**3 - 9*b**2 + 22*b - 7. 